023321
In base 2, what is 1000111000001010101001100 - -11?
1000111000001010101001111
In base 13, what is 105b318 - -35?
105b350
In base 3, what is -12 - -10220211202121?
10220211202102
In base 16, what is -7 + 100d11?
100d0a
In base 12, what is aa930b25 - 3?
aa930b22
In base 2, what is 1001 + 10010011110011001010?
10010011110011010011
In base 5, what is 1 + 1342224131?
1342224132
In base 15, what is 2 + -1308081?
-130807e
In base 4, what is -21210211 + -1010?
-21211221
In base 3, what is 120 - -12222010111111?
12222010112001
In base 4, what is -10022321121 - -133?
-10022320322
In base 8, what is -1340 - 344?
-1704
In base 9, what is 661458 - -62?
661531
In base 15, what is 2e12b + -3?
2e128
In base 15, what is e2 + 6bc0?
6cb2
In base 9, what is 1218868 - -65?
1220044
In base 13, what is 196 - -16b0a3?
16b269
In base 3, what is 11100 + -212122200110?
-212122112010
In base 5, what is 13442311 + -3433?
13433323
In base 13, what is -4284a35 - 5?
-4284a3a
In base 14, what is 26d + -2c98?
-2a29
In base 15, what is -5b + e9c80?
e9c24
In base 4, what is 311022322 - -32311?
311121233
In base 9, what is -10 + 4842351?
4842341
In base 13, what is 6ca7490 + 4?
6ca7494
In base 7, what is -2513200264 - 10?
-2513200304
In base 11, what is 0 + 1217094?
1217094
In base 7, what is 13616031 + 2?
13616033
In base 7, what is -13606 - -132320?
115411
In base 8, what is -30565 - 10511?
-41276
In base 14, what is 1 + -c6b185?
-c6b184
In base 10, what is 60339 + 325?
60664
In base 4, what is 201 - 1033120202?
-1033120001
In base 3, what is -102001202022011021 - -2?
-102001202022011012
In base 8, what is -3177002313 + -5?
-3177002320
In base 5, what is -41321412 + 101211?
-41220201
In base 7, what is 36 - -340253520?
340253556
In base 12, what is -69708 - 63?
-6976b
In base 12, what is 23518 - -2516?
25a32
In base 6, what is -1 - -14021010?
14021005
In base 13, what is -8644 - cb?
-8742
In base 11, what is -1 - -69553754?
69553753
In base 16, what is -3e4 + -17f01?
-182e5
In base 15, what is 53 + -151e33?
-151dd0
In base 10, what is -4 - 431033?
-431037
In base 2, what is 10 + -1001011111100011101101100011?
-1001011111100011101101100001
In base 6, what is 1025 + -354?
231
In base 2, what is -11010011100001000 + -10110101000?
-11010110010110000
In base 8, what is 11 - 35155042?
-35155031
In base 7, what is 2556 + -353133?
-350244
In base 12, what is -100860 - 8?
-100868
In base 9, what is 167336158 - 5?
167336153
In base 2, what is -100101101010101100000010 - 11?
-100101101010101100000101
In base 10, what is -29225728 + 4?
-29225724
In base 11, what is 1 + -46169125?
-46169124
In base 7, what is 6101 + 435342?
444443
In base 5, what is -42 - 44014?
-44111
In base 5, what is -232421314 + -241?
-232422110
In base 10, what is -4 - -120337220?
120337216
In base 9, what is 104 + -15700372?
-15700267
In base 14, what is -45419 - -12?
-45407
In base 10, what is -4 - 2454279?
-2454283
In base 13, what is 16a32 + a7?
16b09
In base 7, what is -4022334 + 113?
-4022221
In base 5, what is -122442 - 44024?
-222021
In base 4, what is 312302221 - -1220?
312310101
In base 13, what is 3 + -6224a9?
-6224a6
In base 10, what is 22 - 116351?
-116329
In base 6, what is -4125 + -544?
-5113
In base 9, what is -4083 - 4176?
-8270
In base 9, what is -1 - -2672181?
2672180
In base 3, what is -1002111 - 2220222?
-11000110
In base 6, what is 323225204 + 0?
323225204
In base 5, what is 1411 + 3410020?
3411431
In base 13, what is 3 + -a7584b2?
-a7584ac
In base 6, what is -230321024 + -145?
-230321213
In base 6, what is -5001534040 + -2?
-5001534042
In base 10, what is -330919 + -344?
-331263
In base 16, what is -b4562 + -2a?
-b458c
In base 4, what is -1000030222030 + -1?
-1000030222031
In base 16, what is 5 + c2d30e?
c2d313
In base 2, what is 1 - 1001100000111111000101001011?
-1001100000111111000101001010
In base 16, what is -1b365c0b - -1?
-1b365c0a
In base 10, what is -6831083 - -10?
-6831073
In base 13, what is 47c421 + 63?
47c484
In base 12, what is 1 + -116b515?
-116b514
In base 11, what is -2 - 1500767?
-1500769
In base 15, what is -e + -1a26d3?
-1a26e2
In base 6, what is 43304424 + -3?
43304421
In base 13, what is 178cb64 - 4?
178cb60
In base 15, what is 3ead8bd - 3?
3ead8ba
In base 5, what is -21024241 + 12241?
-21012000
In base 14, what is 215cbb414 - -5?
215cbb419
In base 14, what is 2a9375 - 9?
2a936a
In base 10, what is 625 - 4660?
-4035
In base 2, what is 10000110110010100011011000110 + 101?
10000110110010100011011001011
In base 14, what is -750 - -335d?
2a0d
In base 11, what is 2845406 + 7?
2845412
In base 2, what is 101111101011011 - -11011001?
110000000110100
In base 16, what is 320b4b2 + -1?
320b4b1
In base 13, what is -14 - -46563?
4654c
In base 11, what is 6 - -45a663?
45a669
In base 15, what is de46e73 + 4?
de46e77
In base 13, what is -3 - 866c4?
-866c7
In base 3, what is -101111221012210 - -1000?
-101111221011210
In base 9, what is 107158 - 4332?
102726
In base 10, what is 28 + -225198?
-225170
In base 7, what is 636341 - 3041?
633300
In base 4, what is -1201011332 - 2?
-1201012000
In base 3, what is 20221102120101202 - 1?
20221102120101201
In base 7, what is -124 - -43112?
42655
In base 15, what is 13c - 25ba6?
-25a69
In base 6, what is 5 - -13111131411?
13111131420
In base 2, what is -100100 - 101010100010011001?
-101010100010111101
In base 13, what is 31 + -49309?
-492a8
In base 4, what is -2131 + -12100022?
-12102213
In base 10, what is -346 - -60450?
60104
In base 16, what is -afe + -a146?
-ac44
In base 13, what is -4009c - 7?
-400a6
In base 6, what is -4343 + -4511?
-13254
In base 12, what is 2bb - 726b?
-6b70
In base 7, what is 4 - 5234204314?
-5234204310
In base 11, what is -5352 + 4187?
-1176
In base 3, what is 1201021221 + -201?
1201021020
In base 2, what is -1011100 - -1011100110010001?
1011100100110101
In base 12, what is -16612aa - 24?
-1661312
In base 13, what is 47b - 24439?
-23c8b
In base 14, what is 10 - 350787?
-350777
In base 16, what is 68df + -4bc?
6423
In base 4, what is 1100 - -30033002303?
30033010003
In base 2, what is -100000000 - -1101100110010100?
1101100010010100
In base 9, what is -163 - -3156864?
3156701
In base 15, what is -b3 - -11634?
11571
In base 9, what is -21 + 632623?
632602
In base 15, what is 15a85 + -a2?
159d3
In base 13, what is 8b - 30b521?
-30b463
In base 15, what is 6 - -4522acb?
4522ad2
In base 11, what is 1783 + 7730?
9403
In base 3, what is -2112122020111022 - -1011?
-2112122020110011
In base 8, what is 1753 - -25051?
27024
In base 10, what is 2 - -731040?
731042
In base 5, what is -10 + -4331043033?
-4331043043
In base 10, what is 12661 - -6944?
19605
In base 6, what is -324 + -153055032?
-153055400
In base 12, what is 28525ba + -1?
28525b9
In base 14, what is -887c - -28c5?
-5d97
In base 9, what is 176785225 + 10?
176785235
In base 9, what is 14 - 1340747?
-1340733
In base 13, what is 1 + -5b41aa0?
-5b41a9c
In base 7, what is 404 + -1415135?
-1414431
In base 14, what is -13bc166 - 5?
-13bc16b
In base 14, what is -111750 - -36c?
-1113c2
In base 13, what is -8b - 42c31a?
-42c3a8
In base 15, what is 4 - -dbb25dc?
dbb25e1
In base 14, what is 4 - 214dd6c?
-214dd68
In base 3, what is -2 - -1011010110020201?
1011010110020122
In base 13, what is 1155 + -1a05?
-880
In base 5, what is -12013232 + 24?
-12013203
In base 6, what is -31441 - -5325?
-22112
In base 11, what is 2 - 18996523?
-18996521
In base 3, what is -110001 - 22022010010?
-22022120011
In base 4, what is -12 + -10123202222?
-10123202300
In base 12, what is -b356a4 + 4?
-b356a0
In base 12, what is 48751a1 + 0?
48751a1
In base 11, what is -161a5875 - 5?
-161a587a
In base 9, what is 480 + 62442?
63032
In base 12, what is 5a6b036 + -4?
5a6b032
In base 7, what is -32055 + -6150?
-41235
In base 6, what is -2 + 2015401133?
2015401131
In base 10, what is -11338 - -595?
-10743
In base 2, what is -10111011001 + -110000100001?
-1000111111010
In base 9, what is -1756726 + -35?
-1756762
In base 3, what is -20102 + 2111112000112?
2111111210010
In base 7, what is -12316301 + 103?
-12316165
In base 4, what is -2220120101030 - -23?
-2220120101001
In base 2, what is 111001111010010100100011 - -1?
111001111010010100100100
In base 14, what is 15521c - 11b?
155101
In base 8, what is 7506 + 320